{"id":96,"date":"2020-11-18T11:01:51","date_gmt":"2020-11-18T10:01:51","guid":{"rendered":"https:\/\/www.groandpartners.com\/?page_id=96"},"modified":"2020-11-29T11:53:21","modified_gmt":"2020-11-29T10:53:21","slug":"zakladne-moduly","status":"publish","type":"page","link":"https:\/\/www.groandpartners.com\/index.php\/zakladne-moduly\/","title":{"rendered":"Z\u00e1kladn\u00e9 moduly"},"content":{"rendered":"\n<div class=\"wp-block-columns is-layout-flex wp-container-core-columns-layout-1 wp-block-columns-is-layout-flex\">\n<div class=\"wp-block-column is-layout-flow wp-block-column-is-layout-flow\" style=\"flex-basis:33.33%\">\n<h2 class=\"wp-block-heading\"><strong>Modul 3&#215;6<\/strong><\/h2>\n\n\n\n<ul id=\"block-aee22e3e-5d07-4ebc-8ea8-5154da70b21c\"><li>v\u00fdmera exteri\u00e9ru (6,5 x 3)<\/li><li>v\u00fdmera interi\u00e9ru (5.6 x 2,7)<\/li><li>\u00fa\u017eitkov\u00e1 plocha (17,12 m\u00b2)<\/li><\/ul>\n\n\n\n<h3 class=\"wp-block-heading\">Cena: <strong><span style=\"color:#40e0d0\" class=\"has-inline-color\">na vy\u017eiadanie<\/span><\/strong><\/h3>\n\n\n\n<p><\/p>\n<\/div>\n\n\n\n<div class=\"wp-block-column is-layout-flow wp-block-column-is-layout-flow\" style=\"flex-basis:66.66%\">\n<div class=\"wp-block-image\"><figure class=\"aligncenter size-large\"><img loading=\"lazy\" decoding=\"async\" width=\"497\" height=\"322\" src=\"https:\/\/www.groandpartners.com\/wp-content\/uploads\/2020\/11\/3x6-celkovo-orezany-obr-1.png\" alt=\"\" class=\"wp-image-513\" srcset=\"https:\/\/www.groandpartners.com\/wp-content\/uploads\/2020\/11\/3x6-celkovo-orezany-obr-1.png 497w, https:\/\/www.groandpartners.com\/wp-content\/uploads\/2020\/11\/3x6-celkovo-orezany-obr-1-300x194.png 300w\" sizes=\"(max-width: 497px) 100vw, 497px\" \/><\/figure><\/div>\n<\/div>\n<\/div>\n\n\n\n<div class=\"wp-block-image\"><figure class=\"aligncenter size-large\"><img loading=\"lazy\" decoding=\"async\" width=\"772\" height=\"502\" src=\"https:\/\/www.groandpartners.com\/wp-content\/uploads\/2020\/11\/3x6-zhora-orezany-obr-1.png\" alt=\"\" class=\"wp-image-514\" srcset=\"https:\/\/www.groandpartners.com\/wp-content\/uploads\/2020\/11\/3x6-zhora-orezany-obr-1.png 772w, https:\/\/www.groandpartners.com\/wp-content\/uploads\/2020\/11\/3x6-zhora-orezany-obr-1-300x195.png 300w, https:\/\/www.groandpartners.com\/wp-content\/uploads\/2020\/11\/3x6-zhora-orezany-obr-1-768x499.png 768w\" sizes=\"(max-width: 772px) 100vw, 772px\" \/><\/figure><\/div>\n\n\n\n<\/br>\n<\/br>\n<\/br>\n<\/br>\n<\/br>\n\n\n\n<p><\/p>\n\n\n\n<div class=\"wp-block-columns is-layout-flex wp-container-core-columns-layout-2 wp-block-columns-is-layout-flex\">\n<div class=\"wp-block-column is-layout-flow wp-block-column-is-layout-flow\" style=\"flex-basis:33.33%\">\n<h2 class=\"wp-block-heading\"><strong>Modul 12&#215;6<\/strong><\/h2>\n\n\n\n<ul><li>v\u00fdmera exteri\u00e9ru (12,5 x 6)<\/li><li>v\u00fdmera interi\u00e9ru (11.6 x 5,7)<\/li><li>\u00fa\u017eitkov\u00e1 plocha (66,12 m\u00b2)<\/li><\/ul>\n\n\n\n<h3 class=\"wp-block-heading\">Cena: <strong><span style=\"color:#40e0d0\" class=\"has-inline-color\">na vy\u017eiadanie<\/span><\/strong><\/h3>\n<\/div>\n\n\n\n<div class=\"wp-block-column is-layout-flow wp-block-column-is-layout-flow\" style=\"flex-basis:66.66%\">\n<div class=\"wp-block-image\"><figure class=\"aligncenter size-large\"><img loading=\"lazy\" decoding=\"async\" width=\"802\" height=\"346\" src=\"https:\/\/www.groandpartners.com\/wp-content\/uploads\/2020\/11\/12x6-celkovo-orezany-obr-1.png\" alt=\"\" class=\"wp-image-516\" srcset=\"https:\/\/www.groandpartners.com\/wp-content\/uploads\/2020\/11\/12x6-celkovo-orezany-obr-1.png 802w, https:\/\/www.groandpartners.com\/wp-content\/uploads\/2020\/11\/12x6-celkovo-orezany-obr-1-300x129.png 300w, https:\/\/www.groandpartners.com\/wp-content\/uploads\/2020\/11\/12x6-celkovo-orezany-obr-1-768x331.png 768w\" sizes=\"(max-width: 802px) 100vw, 802px\" \/><\/figure><\/div>\n<\/div>\n<\/div>\n\n\n\n<div class=\"wp-block-image\"><figure class=\"aligncenter size-large\"><img loading=\"lazy\" decoding=\"async\" width=\"805\" height=\"598\" src=\"https:\/\/www.groandpartners.com\/wp-content\/uploads\/2020\/11\/12x6-zhora-skicar.png\" alt=\"\" class=\"wp-image-520\" srcset=\"https:\/\/www.groandpartners.com\/wp-content\/uploads\/2020\/11\/12x6-zhora-skicar.png 805w, https:\/\/www.groandpartners.com\/wp-content\/uploads\/2020\/11\/12x6-zhora-skicar-300x223.png 300w, https:\/\/www.groandpartners.com\/wp-content\/uploads\/2020\/11\/12x6-zhora-skicar-768x571.png 768w\" sizes=\"(max-width: 805px) 100vw, 805px\" \/><\/figure><\/div>\n\n\n\n<\/br>\n<\/br>\n<\/br>\n<\/br>\n<\/br>\n\n\n\n<p><\/p>\n\n\n\n<div class=\"wp-block-columns is-layout-flex wp-container-core-columns-layout-3 wp-block-columns-is-layout-flex\">\n<div class=\"wp-block-column is-layout-flow wp-block-column-is-layout-flow\" style=\"flex-basis:33.33%\">\n<h2 class=\"wp-block-heading\"><strong>Modul 12&#215;9<\/strong><\/h2>\n\n\n\n<ul><li>v\u00fdmera exteri\u00e9ru (12,5 x 9)<\/li><li>v\u00fdmera interi\u00e9ru (11.6 x 8,7)<\/li><li>\u00fa\u017eitkov\u00e1 plocha (100,92 m\u00b2)<\/li><\/ul>\n\n\n\n<h3 class=\"wp-block-heading\">Cena: <strong><span style=\"color:#40e0d0\" class=\"has-inline-color\">na vy\u017eiadanie<\/span><\/strong><\/h3>\n<\/div>\n\n\n\n<div class=\"wp-block-column is-layout-flow wp-block-column-is-layout-flow\" style=\"flex-basis:66.66%\">\n<div class=\"wp-block-image\"><figure class=\"aligncenter size-large\"><img loading=\"lazy\" decoding=\"async\" width=\"545\" height=\"215\" src=\"https:\/\/www.groandpartners.com\/wp-content\/uploads\/2020\/11\/12x9-celkovo-orazeny-obr-1.png\" alt=\"\" class=\"wp-image-517\" srcset=\"https:\/\/www.groandpartners.com\/wp-content\/uploads\/2020\/11\/12x9-celkovo-orazeny-obr-1.png 545w, https:\/\/www.groandpartners.com\/wp-content\/uploads\/2020\/11\/12x9-celkovo-orazeny-obr-1-300x118.png 300w\" sizes=\"(max-width: 545px) 100vw, 545px\" \/><\/figure><\/div>\n<\/div>\n<\/div>\n\n\n\n<div class=\"wp-block-image\"><figure class=\"aligncenter size-large\"><img loading=\"lazy\" decoding=\"async\" width=\"714\" height=\"530\" src=\"https:\/\/www.groandpartners.com\/wp-content\/uploads\/2020\/11\/12x9-zhora-orezany-obr-1.png\" alt=\"\" class=\"wp-image-518\" srcset=\"https:\/\/www.groandpartners.com\/wp-content\/uploads\/2020\/11\/12x9-zhora-orezany-obr-1.png 714w, https:\/\/www.groandpartners.com\/wp-content\/uploads\/2020\/11\/12x9-zhora-orezany-obr-1-300x223.png 300w\" sizes=\"(max-width: 714px) 100vw, 714px\" \/><\/figure><\/div>\n","protected":false},"excerpt":{"rendered":"<p>Modul 3&#215;6 v\u00fdmera exteri\u00e9ru (6,5 x 3) v\u00fdmera interi\u00e9ru (5.6 x 2,7) \u00fa\u017eitkov\u00e1 plocha (17,12 m\u00b2) Cena: na vy\u017eiadanie Modul 12&#215;6 v\u00fdmera exteri\u00e9ru (12,5 x 6) v\u00fdmera interi\u00e9ru (11.6 x 5,7) \u00fa\u017eitkov\u00e1 plocha (66,12 m\u00b2) Cena: na vy\u017eiadanie Modul 12&#215;9 v\u00fdmera exteri\u00e9ru (12,5 x 9) v\u00fdmera interi\u00e9ru (11.6 x 8,7) \u00fa\u017eitkov\u00e1 plocha (100,92 m\u00b2) Cena: [&hellip;]<\/p>\n","protected":false},"author":1,"featured_media":43,"parent":0,"menu_order":0,"comment_status":"closed","ping_status":"closed","template":"","meta":{"_mi_skip_tracking":false,"_monsterinsights_sitenote_active":false,"_monsterinsights_sitenote_note":"","_monsterinsights_sitenote_category":0,"footnotes":""},"yoast_head":"<!-- This site is optimized with the Yoast SEO plugin v21.5 - https:\/\/yoast.com\/wordpress\/plugins\/seo\/ -->\n<title>Z\u00e1kladn\u00e9 moduly nielen pre b\u00fdvanie | Gro &amp; Partners<\/title>\n<meta name=\"description\" content=\"Na tejto str\u00e1nke n\u00e1jdete z\u00e1kladn\u00e9 moduly. Ka\u017ed\u00fd modul m\u00e1 uveden\u00e9 rozmery exteri\u00e9ru a aj interi\u00e9ru (\u00fa\u017eitkov\u00e1 plocha).\" \/>\n<meta name=\"robots\" content=\"index, follow, max-snippet:-1, max-image-preview:large, max-video-preview:-1\" \/>\n<link rel=\"canonical\" href=\"https:\/\/www.groandpartners.com\/index.php\/zakladne-moduly\/\" \/>\n<meta property=\"og:locale\" content=\"sk_SK\" \/>\n<meta property=\"og:type\" content=\"article\" \/>\n<meta property=\"og:title\" content=\"Z\u00e1kladn\u00e9 moduly nielen pre b\u00fdvanie | Gro &amp; Partners\" \/>\n<meta property=\"og:description\" content=\"Na tejto str\u00e1nke n\u00e1jdete z\u00e1kladn\u00e9 moduly. Ka\u017ed\u00fd modul m\u00e1 uveden\u00e9 rozmery exteri\u00e9ru a aj interi\u00e9ru (\u00fa\u017eitkov\u00e1 plocha).\" \/>\n<meta property=\"og:url\" content=\"https:\/\/www.groandpartners.com\/index.php\/zakladne-moduly\/\" \/>\n<meta property=\"og:site_name\" content=\"Gro &amp; Partners\" \/>\n<meta property=\"article:modified_time\" content=\"2020-11-29T10:53:21+00:00\" \/>\n<meta property=\"og:image\" content=\"https:\/\/www.groandpartners.com\/wp-content\/uploads\/2020\/11\/3x6-celkovo.png\" \/>\n\t<meta property=\"og:image:width\" content=\"652\" \/>\n\t<meta property=\"og:image:height\" content=\"503\" \/>\n\t<meta property=\"og:image:type\" content=\"image\/png\" \/>\n<meta name=\"twitter:card\" content=\"summary_large_image\" \/>\n<script type=\"application\/ld+json\" class=\"yoast-schema-graph\">{\"@context\":\"https:\/\/schema.org\",\"@graph\":[{\"@type\":\"WebPage\",\"@id\":\"https:\/\/www.groandpartners.com\/index.php\/zakladne-moduly\/\",\"url\":\"https:\/\/www.groandpartners.com\/index.php\/zakladne-moduly\/\",\"name\":\"Z\u00e1kladn\u00e9 moduly nielen pre b\u00fdvanie | Gro &amp; Partners\",\"isPartOf\":{\"@id\":\"https:\/\/www.groandpartners.com\/#website\"},\"datePublished\":\"2020-11-18T10:01:51+00:00\",\"dateModified\":\"2020-11-29T10:53:21+00:00\",\"description\":\"Na tejto str\u00e1nke n\u00e1jdete z\u00e1kladn\u00e9 moduly. Ka\u017ed\u00fd modul m\u00e1 uveden\u00e9 rozmery exteri\u00e9ru a aj interi\u00e9ru (\u00fa\u017eitkov\u00e1 plocha).\",\"breadcrumb\":{\"@id\":\"https:\/\/www.groandpartners.com\/index.php\/zakladne-moduly\/#breadcrumb\"},\"inLanguage\":\"sk-SK\",\"potentialAction\":[{\"@type\":\"ReadAction\",\"target\":[\"https:\/\/www.groandpartners.com\/index.php\/zakladne-moduly\/\"]}]},{\"@type\":\"BreadcrumbList\",\"@id\":\"https:\/\/www.groandpartners.com\/index.php\/zakladne-moduly\/#breadcrumb\",\"itemListElement\":[{\"@type\":\"ListItem\",\"position\":1,\"name\":\"Domovsk\u00e1 str\u00e1nka\",\"item\":\"https:\/\/www.groandpartners.com\/\"},{\"@type\":\"ListItem\",\"position\":2,\"name\":\"Z\u00e1kladn\u00e9 moduly\"}]},{\"@type\":\"WebSite\",\"@id\":\"https:\/\/www.groandpartners.com\/#website\",\"url\":\"https:\/\/www.groandpartners.com\/\",\"name\":\"Gro &amp; Partners\",\"description\":\"\",\"publisher\":{\"@id\":\"https:\/\/www.groandpartners.com\/#organization\"},\"potentialAction\":[{\"@type\":\"SearchAction\",\"target\":{\"@type\":\"EntryPoint\",\"urlTemplate\":\"https:\/\/www.groandpartners.com\/?s={search_term_string}\"},\"query-input\":\"required name=search_term_string\"}],\"inLanguage\":\"sk-SK\"},{\"@type\":\"Organization\",\"@id\":\"https:\/\/www.groandpartners.com\/#organization\",\"name\":\"Gro &amp; Partners\",\"url\":\"https:\/\/www.groandpartners.com\/\",\"logo\":{\"@type\":\"ImageObject\",\"inLanguage\":\"sk-SK\",\"@id\":\"https:\/\/www.groandpartners.com\/#\/schema\/logo\/image\/\",\"url\":\"https:\/\/www.groandpartners.com\/wp-content\/uploads\/2020\/11\/cropped-logo-tyrkys.png\",\"contentUrl\":\"https:\/\/www.groandpartners.com\/wp-content\/uploads\/2020\/11\/cropped-logo-tyrkys.png\",\"width\":5473,\"height\":1505,\"caption\":\"Gro &amp; Partners \"},\"image\":{\"@id\":\"https:\/\/www.groandpartners.com\/#\/schema\/logo\/image\/\"}}]}<\/script>\n<!-- \/ Yoast SEO plugin. -->","yoast_head_json":{"title":"Z\u00e1kladn\u00e9 moduly nielen pre b\u00fdvanie | Gro &amp; Partners","description":"Na tejto str\u00e1nke n\u00e1jdete z\u00e1kladn\u00e9 moduly. Ka\u017ed\u00fd modul m\u00e1 uveden\u00e9 rozmery exteri\u00e9ru a aj interi\u00e9ru (\u00fa\u017eitkov\u00e1 plocha).","robots":{"index":"index","follow":"follow","max-snippet":"max-snippet:-1","max-image-preview":"max-image-preview:large","max-video-preview":"max-video-preview:-1"},"canonical":"https:\/\/www.groandpartners.com\/index.php\/zakladne-moduly\/","og_locale":"sk_SK","og_type":"article","og_title":"Z\u00e1kladn\u00e9 moduly nielen pre b\u00fdvanie | Gro &amp; Partners","og_description":"Na tejto str\u00e1nke n\u00e1jdete z\u00e1kladn\u00e9 moduly. Ka\u017ed\u00fd modul m\u00e1 uveden\u00e9 rozmery exteri\u00e9ru a aj interi\u00e9ru (\u00fa\u017eitkov\u00e1 plocha).","og_url":"https:\/\/www.groandpartners.com\/index.php\/zakladne-moduly\/","og_site_name":"Gro &amp; Partners","article_modified_time":"2020-11-29T10:53:21+00:00","og_image":[{"width":652,"height":503,"url":"https:\/\/www.groandpartners.com\/wp-content\/uploads\/2020\/11\/3x6-celkovo.png","type":"image\/png"}],"twitter_card":"summary_large_image","schema":{"@context":"https:\/\/schema.org","@graph":[{"@type":"WebPage","@id":"https:\/\/www.groandpartners.com\/index.php\/zakladne-moduly\/","url":"https:\/\/www.groandpartners.com\/index.php\/zakladne-moduly\/","name":"Z\u00e1kladn\u00e9 moduly nielen pre b\u00fdvanie | Gro &amp; Partners","isPartOf":{"@id":"https:\/\/www.groandpartners.com\/#website"},"datePublished":"2020-11-18T10:01:51+00:00","dateModified":"2020-11-29T10:53:21+00:00","description":"Na tejto str\u00e1nke n\u00e1jdete z\u00e1kladn\u00e9 moduly. Ka\u017ed\u00fd modul m\u00e1 uveden\u00e9 rozmery exteri\u00e9ru a aj interi\u00e9ru (\u00fa\u017eitkov\u00e1 plocha).","breadcrumb":{"@id":"https:\/\/www.groandpartners.com\/index.php\/zakladne-moduly\/#breadcrumb"},"inLanguage":"sk-SK","potentialAction":[{"@type":"ReadAction","target":["https:\/\/www.groandpartners.com\/index.php\/zakladne-moduly\/"]}]},{"@type":"BreadcrumbList","@id":"https:\/\/www.groandpartners.com\/index.php\/zakladne-moduly\/#breadcrumb","itemListElement":[{"@type":"ListItem","position":1,"name":"Domovsk\u00e1 str\u00e1nka","item":"https:\/\/www.groandpartners.com\/"},{"@type":"ListItem","position":2,"name":"Z\u00e1kladn\u00e9 moduly"}]},{"@type":"WebSite","@id":"https:\/\/www.groandpartners.com\/#website","url":"https:\/\/www.groandpartners.com\/","name":"Gro &amp; Partners","description":"","publisher":{"@id":"https:\/\/www.groandpartners.com\/#organization"},"potentialAction":[{"@type":"SearchAction","target":{"@type":"EntryPoint","urlTemplate":"https:\/\/www.groandpartners.com\/?s={search_term_string}"},"query-input":"required name=search_term_string"}],"inLanguage":"sk-SK"},{"@type":"Organization","@id":"https:\/\/www.groandpartners.com\/#organization","name":"Gro &amp; Partners","url":"https:\/\/www.groandpartners.com\/","logo":{"@type":"ImageObject","inLanguage":"sk-SK","@id":"https:\/\/www.groandpartners.com\/#\/schema\/logo\/image\/","url":"https:\/\/www.groandpartners.com\/wp-content\/uploads\/2020\/11\/cropped-logo-tyrkys.png","contentUrl":"https:\/\/www.groandpartners.com\/wp-content\/uploads\/2020\/11\/cropped-logo-tyrkys.png","width":5473,"height":1505,"caption":"Gro &amp; Partners "},"image":{"@id":"https:\/\/www.groandpartners.com\/#\/schema\/logo\/image\/"}}]}},"_links":{"self":[{"href":"https:\/\/www.groandpartners.com\/index.php\/wp-json\/wp\/v2\/pages\/96"}],"collection":[{"href":"https:\/\/www.groandpartners.com\/index.php\/wp-json\/wp\/v2\/pages"}],"about":[{"href":"https:\/\/www.groandpartners.com\/index.php\/wp-json\/wp\/v2\/types\/page"}],"author":[{"embeddable":true,"href":"https:\/\/www.groandpartners.com\/index.php\/wp-json\/wp\/v2\/users\/1"}],"replies":[{"embeddable":true,"href":"https:\/\/www.groandpartners.com\/index.php\/wp-json\/wp\/v2\/comments?post=96"}],"version-history":[{"count":19,"href":"https:\/\/www.groandpartners.com\/index.php\/wp-json\/wp\/v2\/pages\/96\/revisions"}],"predecessor-version":[{"id":632,"href":"https:\/\/www.groandpartners.com\/index.php\/wp-json\/wp\/v2\/pages\/96\/revisions\/632"}],"wp:featuredmedia":[{"embeddable":true,"href":"https:\/\/www.groandpartners.com\/index.php\/wp-json\/wp\/v2\/media\/43"}],"wp:attachment":[{"href":"https:\/\/www.groandpartners.com\/index.php\/wp-json\/wp\/v2\/media?parent=96"}],"curies":[{"name":"wp","href":"https:\/\/api.w.org\/{rel}","templated":true}]}}